)?
2, 5
Let y = -3608 + 5318. List the prime factors of y.
2, 3, 5, 19
Let q(k) = -k**3 + 5*k**2 + 5*k. Let c be q(5). Let h = 38 - c. Let d = -2 + h. What are the prime factors of d?
11
List the prime factors of -7*181*(1 - 2).
7, 181
Suppose -3*l - 19 = 5*b, -3*l = 3*b - b + 13. Let s = 10 + -24. What are the prime factors of 0/(-3) - (s + b)?
2
Let b be 1 + 1 - (-22 - -19). Let k = b - 6. What are the prime factors of (-2739)/(-44) + k/4?
2, 31
Let s(t) = -t**2 - 12*t - 15. Let w be s(-5). Suppose 13*b + w = 18*b. Suppose 4*y + y - 15 = -4*z, -2*z = b*y. What are the prime factors of z?
2, 5
Suppose -3*u = u. Suppose u = 3*t - 3*o - 342, 4*o - 25 = -2*t + 209. Suppose -3*l + t = -n + 14, 4*l = 2*n + 134. List the prime factors of l.
2, 17
Let j = -24 + 24. Suppose 0 = -2*l - 4*y - 4 - j, -3*l + 12 = -3*y. Suppose -3*v = -l*p + 84, 5*p - 208 = -v + 2. What are the prime factors of p?
2, 3, 7
Suppose -3683 = -5*n + w, w + 1472 = -4*n + 6*n. List the prime factors of n.
11, 67
Suppose 8*l - 240 = 6*l. Suppose -4*p + 130 = -2*k, 3*k + l = 4*p - k. What are the prime factors of p?
5, 7
Let x(m) be the first derivative of m**3/3 + 85*m - 3. Let f be x(0). What are the prime factors of 1/(f/21 - 4)?
3, 7
Let b be (-1)/5 + (-9)/(225/(-3580)). Let g = b - 63. What are the prime factors of g?
2, 5
Let j be 75/(-6)*36/15. Let k = 32 + j. Suppose k*q = 4*q - 14. List the prime factors of q.
7
Let a(b) = -2*b - 8. Let x be a(-10). Let t = 6 - x. Let o = -2 - t. What are the prime factors of o?
2
Suppose 3*j + 1 = -5*q, -4 = -5*q + 2*j + 5. List the prime factors of (-1 - 0)/(q/(-84 - -5)).
79
Let p = 91 - 45. Let f be (-5)/(-2) - (-2)/4. Suppose 9 = 2*k + u, p = f*k - 2*u - 3*u. What are the prime factors of k?
7
Let i be (5*(-6)/45)/(2/(-72)). What are the prime factors of ((-8)/24)/((-2)/i) - -95?
3, 11
Suppose 0*c = c. Let j = 49 - c. Let b = j - 25. What are the prime factors of b?
2, 3
Let g(x) = 8*x**2 + 3*x + 1. Let a(n) = 2*n - 7. Let s be a(5). What are the prime factors of g(s)?
2, 41
Suppose 905*w + 1486 = 906*w. What are the prime factors of w?
2, 743
Let m = 1427 + 371. Let a be m/14 - (-18)/(-42). Suppose 5*u - a = -3*g, -u + 19 = -g - 13. What are the prime factors of u?
2, 7
Let l = 537 - 201. Suppose 6*v = -0*v + l. What are the prime factors of v?
2, 7
List the prime factors of ((-33)/(-44))/(3/738)*2.
3, 41
Suppose 4*r + 24 = 10*r. Suppose 6*k = k + 4*w + 89, 0 = 3*k + r*w - 47. List the prime factors of k.
17
Let c(f) = -f - 1. Let a(l) = -l**2 + 13*l - 12. Let d(p) = a(p) + c(p). Suppose 0*k - 3*k = -18. List the prime factors of d(k).
23
Let v = 9 + -14. Let s = 4 + v. What are the prime factors of 9 - (3 - s/(-1))?
7
Let g be (-3 + 1 + 1)/((-3)/15). Suppose -g*a + 2*n + 100 = -47, 151 = 5*a - n. What are the prime factors of a?
31
Let w = 30 - -9. Let a = w - 11. What are the prime factors of a?
2, 7
Let z = 34 - -8. Suppose -c + 2*t + 17 = -0*c, -3*c - 3*t = -z. List the prime factors of c.
3, 5
Let c = -282 - -324. Suppose 3*b = -4*k + 7, 5*b = 2*k - 0*k - 23. Let u = c - k. List the prime factors of u.
2, 19
Let n = -11 + -8. Let q = n - 0. Let l = q - -38. What are the prime factors of l?
19
Suppose -12*m + 16*m - 1268 = -4*g, 4*g + 3*m - 1265 = 0. List the prime factors of g.
2, 157
Let a = 24 - 22. Suppose 0 = 2*q - 6, -a*j + 7 = -4*j - q. What are the prime factors of (2 - j/5)*4?
2, 3
Let n = -5 + -79. Let m = n + 130. What are the prime factors of m?
2, 23
Let g = 398 - 306. What are the prime factors of g?
2, 23
Suppose 5*y + 17*y = 2200. What are the prime factors of y?
2, 5
Let r = -86 + 123. Suppose 2*w - r = 5*u, -w = 4*w + 3*u - 139. Suppose -6*s + 63 = 3*p - s, 2*s + w = 2*p. What are the prime factors of p?
2
Suppose -x + v = 8 + 1, 3*x + 21 = v. Let w be 12/18 + 136/x. Let l = 38 + w. List the prime factors of l.
2
Suppose 7*w + 1 = 2*n + 2*w, 5*w + 15 = 0. Let o(l) = l**3 + 6*l**2 - 6*l + 8. Let a be o(n). Suppose r = 21 + a. List the prime factors of r.
2, 11
Let b(y) be the second derivative of -y**6/180 - y**5/40 - y**4/6 - 4*y. Let l(q) be the third derivative of b(q). What are the prime factors of l(-5)?
17
What are the prime factors of 25/(-10)*(-1446)/5?
3, 241
Let n be (-9)/(-6)*(-12)/(-9). Suppose -n*y - 2*y = 4*r - 24, 0 = -5*r - 4*y + 29. Suppose 42 = r*u - 3*u. What are the prime factors of u?
3, 7
Suppose -22*i + 10899 = -15*i. List the prime factors of i.
3, 173
Suppose 318 = 5*z - 62. Let q = 117 - z. List the prime factors of q.
41
Let b(n) = 62*n**2 - 3*n. What are the prime factors of b(1)?
59
Let j(p) = 0*p + p**2 + 5*p**2 - 3 - p - 3*p. List the prime factors of j(-1).
7
Suppose 0 = 3*a + 5*i - 185, -2*i - 165 = -2*a + 3*i. Suppose a + 146 = 6*v. What are the prime factors of v?
2, 3
Suppose t = -2*x + 910, -3*x = t - 3*t - 1379. List the prime factors of x.
457
Suppose 31*c = 32*c - 3. Suppose s = 5*g + 5*s - 335, c*g - 5*s - 164 = 0. What are the prime factors of g?
3, 7
Let q be -2*(-3 - (5 - 9)). Let g(x) = -81*x - 2. List the prime factors of g(q).
2, 5
Suppose -115*t = -86*t - 53766. What are the prime factors of t?
2, 3, 103
Let t(l) = -2*l**3 - 10*l**2 + 8*l + 15. Let w be t(-8). Suppose -3*j - 92 = -w. What are the prime factors of j?
3
Let f be (-16)/(-40) - (-86)/10. What are the prime factors of 9/(f/2) + 14?
2
Suppose -44 - 583 = -3*o. Suppose 5*v = o + 91. List the prime factors of v.
2, 3, 5
Let b(z) = 276*z - 92. What are the prime factors of b(9)?
2, 13, 23
Let x = -1887 - -5452. What are the prime factors of x?
5, 23, 31
Let g(u) = -2*u + 2. Let l be g(-3). Let h be -3 + 6*l/4. Let n = h + 6. List the prime factors of n.
3, 5
What are the prime factors of 940/7 - (-32)/(-112)?
2, 67
Let h(b) = b**2 + 6*b + 2. Let n be h(-6). Suppose 0 = 3*w + w - 5*k - 45, -2*w + n*k = -22. List the prime factors of w.
2, 5
Let n be -1*64*60/(-40). Suppose -3*i = -i - n. List the prime factors of i.
2, 3
Let h(n) = -n**3 + 9*n**2 - 2*n - 7. Let f be h(8). What are the prime factors of f - (-1 + 13)/4?
2, 19
Let d(l) = -4*l**2 - l - 2. Let c be d(-4). Let j be -1 + (0 - 2 - 4*7). Let f = j - c. List the prime factors of f.
31
Let r be 2 - (-2)/4*46. Let a be 1028/10 + 5/r. List the prime factors of 10/25 + a/5.
3, 7
Let q(w) = 108*w + 634. List the prime factors of q(10).
2, 857
Let h = 8 + -5. Suppose -z + h*v = -115, 0*z + 5*v = -z + 131. List the prime factors of z.
11
Suppose -2 = -4*t + 2*z, -3*t - 5*z - 3 = -24. Suppose -37 = -x - t*w, -2*x + 0*w + 88 = -3*w. What are the prime factors of x?
41
Suppose 42*o = 37*o + c + 14527, 2*o - 5802 = -4*c. What are the prime factors of o?
5, 7, 83
Suppose 0 = -2*w + 1 + 3, 0 = 4*j + 3*w - 82. Let r = -17 + j. List the prime factors of r.
2
Let n = 2 - 18. What are the prime factors of 164/16 - (-4)/n?
2, 5
Suppose -2017 = 8*d - 6673. List the prime factors of d.
2, 3, 97
Suppose 5*o - 95 = -0*j + j, -3*o - j = -65. Let h = o - -21. Let d = h + -16. List the prime factors of d.
5
Let a(x) = -2*x**2 - 7*x - 7. Let b(m) = -3*m**2 - 15*m - 13. Let h(u) = -5*a(u) + 3*b(u). Let d be h(10). What are the prime factors of d/(-16) + 165/12?
2, 7
Suppose j + 4 = 6. Suppose 0 = -5*f - 2*r + 6, 2*f - 6*f - 3*r + j = 0. Suppose i - f*y + 4*y - 13 = 0, i - y - 4 = 0. What are the prime factors of i?
7
Suppose 0 = -0*a + 5*a + 25, -4*a = 3*j - 2017. What are the prime factors of j?
7, 97
Suppose -3*i + 2586 = 12*m - 9*m, 4*i - m = 3443. List the prime factors of i.
3, 7, 41
Let m = -371 + 1154. What are the prime factors of m?
3, 29
Let m = 16 - 8. Let p(r) = 2*r**2 - 17*r + 58. List the prime factors of p(m).
2, 5
Let n(h) be the first derivative of h**3/3 - h**2 + h + 2. Let d be n(-2). Let g = 15 + d. What are the prime factors of g?
2, 3
Let q(t) = 21*t - 35. List the prime factors of q(22).
7, 61
Suppose -283 = 5*z - 983. Suppose 0 = -5*i + 5*g + z, -5*i + g - 5 = -133. Let j = i + -11. List the prime factors of j.
2, 7
Let f = 2993 + -1133. What are the prime factors of f?
2, 3, 5, 31
Let v be (9 - 0)*4/18. Let n be (v/(-4))/(1/(-4)). Suppose 5*j = -n*t + 11, -2*j = t - 5*j - 33. List the prime factors of t.
2, 3
Suppose -5*y - 60 = w, -6*w - 4*y = -2*w + 320. List the prime factors of (2057/w)/(2/(-20)*2).
11
Let v = -34 - -34. Let y be v*1*(1 - 2). S